21410201?
421411231
In base 10, what is 22 + -5702264?
-5702242
In base 14, what is -2b1053 - 9?
-2b105c
In base 15, what is -57d4e - -4?
-57d4a
In base 3, what is -2002002100022 + -12?
-2002002100111
In base 4, what is 30 - -13102321201?
13102321231
In base 6, what is -301031300520 + 0?
-301031300520
In base 11, what is 192217 + -27?
1921a0
In base 11, what is -6246a08 + 3?
-6246a05
In base 12, what is 2610655 + 5?
261065a
In base 13, what is 7c368 + 3?
7c36b
In base 5, what is -1 + -22431044212?
-22431044213
In base 6, what is 13151151220 - -5?
13151151225
In base 3, what is -1020 + -111102011022210?
-111102011101000
In base 11, what is -17867791 - -a?
-17867782
In base 4, what is -30223 - 203133?
-300022
In base 13, what is 98bb + -89b4?
c07
In base 12, what is 105960b - 5?
1059606
In base 13, what is -355108 - 0?
-355108
In base 6, what is -24322 - -100252?
31530
In base 3, what is -221001012 + 10022010?
-210202002
In base 15, what is 470b439 + -3?
470b436
In base 15, what is -de36db + -83?
-de376e
In base 4, what is -303 + -20001123003?
-20001123312
In base 5, what is -4402211 + 42242?
-4304414
In base 6, what is 1 - 10002332322?
-10002332321
In base 2, what is -1011111000001 - 10001001100?
-1110000001101
In base 10, what is -36 + 770439?
770403
In base 5, what is 20442133134 - 1?
20442133133
In base 16, what is 6c + -60f1?
-6085
In base 6, what is -214440 + 30024?
-144412
In base 4, what is 2 - 101230011300?
-101230011232
In base 13, what is 1432825 + 2?
1432827
In base 10, what is 4189 - 913?
3276
In base 7, what is -10 - -346452546?
346452536
In base 15, what is 62dc + 26b?
6558
In base 14, what is -22c - -169d5?
167a7
In base 3, what is 1221012222120 + 20021?
1221020012211
In base 16, what is -1beb + -1e797?
-20382
In base 12, what is 6387140 - 4?
6387138
In base 12, what is a - 2b76b467?
-2b76b459
In base 5, what is 11041 - -333444?
400040
In base 3, what is -110001100 - -1210222?
-101020101
In base 13, what is -635001 - 4?
-635005
In base 5, what is -13 + -4244433204?
-4244433222
In base 9, what is -18 - -16541?
16522
In base 16, what is -63a48d - -f?
-63a47e
In base 8, what is 552652 + -155?
552475
In base 14, what is 27b10dd - 2?
27b10db
In base 9, what is 5 + 352067572?
352067577
In base 14, what is b673d8 + 4?
b673dc
In base 14, what is 23c2a + -4d?
23bbb
In base 5, what is -2 - 311033230200?
-311033230202
In base 13, what is -4a4b1 - -118?
-4a396
In base 3, what is 110102111101 - 221?
110102110110
In base 10, what is 25710 + -11381?
14329
In base 16, what is 2d09f7ec - 5?
2d09f7e7
In base 3, what is 1122002112100 + -112?
1122002111211
In base 8, what is 37705 - 376?
37307
In base 12, what is -658b1272 + -1?
-658b1273
In base 16, what is -223 + fb0?
d8d
In base 5, what is 30 - 3114321000?
-3114320420
In base 9, what is -321 + -276662?
-277083
In base 15, what is 855 + 2921?
3276
In base 12, what is 224b46 - 169?
224999
In base 9, what is 10271258 - -24?
10271283
In base 9, what is -6 + -423565?
-423572
In base 9, what is 258 + 1837650?
1838018
In base 8, what is -1167171377 + -5?
-1167171404
In base 9, what is 165857 + -41?
165816
In base 16, what is 25e1 + -3b?
25a6
In base 14, what is -2 + -cb8563?
-cb8565
In base 11, what is 436 - -3770?
40a6
In base 12, what is 1b118 - 30?
1b0a8
In base 6, what is -52 + -1545021?
-1545113
In base 11, what is 49 - -61108?
61156
In base 14, what is -4c2a8 - -8b?
-4c21b
In base 9, what is 2 - -48336761?
48336763
In base 8, what is -5530060 - 113?
-5530173
In base 12, what is 5a2 - 1b069?
-1a687
In base 5, what is -14044130 + 3030?
-14041100
In base 11, what is -108785 - 79?
-108853
In base 4, what is 10 + 11021112312202?
11021112312212
In base 3, what is 110210012210220010 + 2?
110210012210220012
In base 4, what is -2121010 + 22100?
-2032310
In base 16, what is 2 + -af754e?
-af754c
In base 8, what is 5 + -516102251?
-516102244
In base 7, what is 36 - -10152414?
10152453
In base 12, what is 19393 + -a6a?
18525
In base 9, what is -68503607 - -6?
-68503601
In base 2, what is 1001110001001100101110 - -100?
1001110001001100110010
In base 12, what is -808 - 4075?
-4881
In base 14, what is -1425b6b - -4?
-1425b67
In base 12, what is 4609 + -211ba?
-187b1
In base 15, what is d0106 + -8?
d00ed
In base 13, what is 5 + 22a65c61?
22a65c66
In base 4, what is -3301121023 + -3?
-3301121032
In base 6, what is -323 + -4520250?
-4521013
In base 4, what is -213211000130 + 3?
-213211000121
In base 16, what is 13 + -7fa4?
-7f91
In base 7, what is -3 - -60136101?
60136065
In base 8, what is -11 - -651275?
651264
In base 12, what is -4 + 103244b6?
103244b2
In base 4, what is 31320130203 + -2113?
31320122030
In base 14, what is 489 + 17d9?
1c84
In base 16, what is 72 + -354b4?
-35442
In base 3, what is -1 - -210120220201111?
210120220201110
In base 3, what is -1120200121222 - -2200?
-1120200112022
In base 9, what is 253561 + -401?
253160
In base 10, what is 846307 + 12?
846319
In base 10, what is 432491 + -13?
432478
In base 5, what is -1413 + 214034330?
214032412
In base 15, what is d15d - 27b?
cdd2
In base 14, what is 0 - -3cd1b6?
3cd1b6
In base 2, what is -110000011111100111101 - -11001011?
-110000011111001110010
In base 11, what is 23a0 + 158?
2548
In base 16, what is 55 - -42387?
423dc
In base 9, what is 0 - -61075408?
61075408
In base 13, what is -59bc + -20c3?
-7ab2
In base 10, what is -180347 + 70?
-180277
In base 7, what is 566113 - 424?
565356
In base 7, what is -2126 + -513154?
-515313
In base 15, what is -1de5e42 - -1d?
-1de5e24
In base 5, what is -142424 - -322?
-142102
In base 2, what is -10 - 11011001100010001110110100?
-11011001100010001110110110
In base 2, what is 110010100000110 + 1000111?
110010101001101
In base 8, what is 107311 - 672?
106417
In base 5, what is 412 + 114421333?
114422300
In base 10, what is 977622 - -38?
977660
In base 11, what is 2156756 + -3?
2156753
In base 4, what is 1231031 + 23310?
1321001
In base 16, what is -b16a + 111?
-b059
In base 13, what is -1 + -604076?
-604077
In base 3, what is -221102020201122 + -100?
-221102020201222
In base 10, what is 183334 - 1707?
181627
In base 6, what is 315 + 52410?
53125
In base 10, what is -33 + 119993?
119960
In base 3, what is 1101211 - -1112111000201?
1112112102112
In base 15, what is -1141744 + 2?
-1141742
In base 11, what is -2119905 + -5?
-211990a
In base 8, what is 1242252463 + 4?
1242252467
In base 6, what is 33 - -31400330?
31400403
In base 11, what is -8a44 + -3a788?
-48721
In base 16, what is -d786b9 + -2?
-d786bb
In base 11, what is 91606 + -424?
91192
In base 7, what is 50 + 141633362?
141633442
In base 8, what is -104636 + -5020?
-111656
In base 8, what is 5 - -1745705111?
1745705116
In base 12, what is 1744582 - 100?
1744482
In base 13, what is 8 + 560690?
560698
In base 15, what is -2 + -d6cc0ea?
-d6cc0ec
In base 9, what is -2872237027 + 5?
-2872237022
In base 10, what is -42614018 - 9?
-42614027
In base 12, what is 121 + 7a5062?
7a5183
In base 9, what is 21705078 - 4?
21705074
In base 15, what is -13c7ab + 2?
-13c7a9
In base 12, what is 52952b0 - b?
52952a1
In base 5, what is 113130411 + 22?
113130433
In base 15, what is 618024 + -2?
618022
In base 6, what is -2005253 - 15523?
-2025220
In base 9, what is 11323884 + -6?
11323877
In base 15, what is -1eceeb - 12?
-1ed00d
In base 15, what is -5 - -61ce1b1?
61ce1ab
In base 13, what is 106 + 9ba8?
9cb1
In base 5, what is 123 + 2041144320?
2041144443
In base 4, what is 121121332000 - 11?
121121331323
In base 11, what is -861726 + -3?
-861729
In base 14, what is 1d93 - 1c3b?
156
In base 10, what is -14421733 - 3?
-14421736
In base 15, what is -4a + -17783?
-177cd
In base 6, what is -103120 + 4230?
-54450
In base 8, what is -217 - -1110437?
1110220
In base 10, what is -2492242 - -123?
-2492119
In base 13, what is -25c0 + 303?
-22ba
In base 11, what is -2 + 27595a6?
27595a4
In base 10, what is 169 - -702498?
702667
In base 2, what is 11100001101 + 11100101?
11111110010
In base 6, what is 20202441 + 310?
20203151
In base 7, what is 30442 + -16464?
10645
In base 2, what is 1101111010000000111 + -10001111?
1101111001101111000
In base 8, what is 3600555 + 26?
3600603
In base 8, what is -1 - 631060751?
-631060752
In base 8, what is -64023336 + -5?
-64023343
In base 7, what is 2623